- 87. Let q = -102 + c. Let s = q + 232. What is the highest common factor of 6 and s?
6
Let c = -921 - -4717. What is the greatest common factor of 52 and c?
52
Let s = 164 + 109. Let v(g) = 2*g**2 - 120*g + 763. Let f be v(7). What is the greatest common factor of f and s?
21
Let h = -181 + 191. Suppose -h*q - 62 = -122. Calculate the greatest common divisor of 90 and q.
6
Let z be 14*1*(-9 - 528/(-32)). Suppose 0 = -28*x + 43*x - z. Calculate the greatest common factor of 175 and x.
7
Let k = 5 - -3. Let v(q) = q**3 + q**2 - 6*q**2 - k*q**2 + 17 + q. Let g be v(13). Calculate the highest common factor of 270 and g.
30
Suppose -3*n + 11 = 20, -3*n - 13 = -2*z. What is the highest common divisor of 146 and z?
2
Let d be (1*-2 - 18)*7/(-7). Let y(g) = 14*g + 16*g**2 - 37*g**2 + g**3 + 6*g + 4. Let o be y(d). What is the greatest common factor of o and 36?
4
Let o be (10 + -14)/(1/(-18)). Let z be 5/(10/o)*(-4)/(-4). What is the highest common factor of 24 and z?
12
Suppose 0*h = -5*h + 85. Let c = h + 15. Let u be 1412/c + 3/(-24). What is the greatest common divisor of u and 4?
4
Suppose 0 = 16*i - 18*i + 4*q + 10220, -2*q = 3*i - 15338. What is the highest common divisor of 144 and i?
72
Let c(o) = -26*o + 4. Suppose -4*j + 13 = -7, -3*d - 25 = j. Let l be c(d). Suppose -2*y = -0*y - l. Calculate the highest common factor of 12 and y.
12
Let m be 8 + (1 - (2 - -3)). Suppose -9*y + m*y + 45 = 0. Suppose -1 = -x + y. What is the highest common factor of x and 40?
10
Suppose 14*c - 19*c + 5*v = -80, c = -4*v - 4. Calculate the highest common divisor of 32 and c.
4
Let o be -4 - (2 + -4 - 2 - 61). Suppose 8*z - 1830 = -2*z. What is the highest common divisor of o and z?
61
Let f = 1 - -31. Let j be (-112)/(-6) - (-25 + (-1328)/(-48)). Calculate the greatest common factor of f and j.
16
Let t(i) = 3*i + 4*i + 0*i - 2*i - 2 - i**2. Let c be t(4). Let j be (-2)/4*80/(-3 + c). What is the highest common factor of j and 280?
40
Suppose 6334 = 46*j - 9674. Calculate the highest common divisor of j and 12.
12
Suppose 1683 = 3*v + 6*v. Suppose -10*b + v = -53. Calculate the greatest common divisor of b and 204.
12
Let g be (-5 - -3)*(-298)/4. Suppose 547 + 380 = -9*l. Let t = l + g. Calculate the highest common factor of 23 and t.
23
Suppose -3*d + 46 = 5*v - 121, 4*d - v = 215. Suppose 2*k = 7*a - 6*a + 383, 5*k - 935 = -2*a. What is the highest common factor of d and k?
27
Let o = -938 - -954. Let z(x) = 5*x**3 - 2*x**2 - 5*x + 2. Let i be z(3). What is the highest common divisor of i and o?
8
Suppose 5*x = -10, 7*s = 5*s + 4*x + 56. Calculate the highest common divisor of 384 and s.
24
Let g be (-220)/(-33)*((-4 - -5) + 220/8). Calculate the highest common divisor of 228 and g.
38
Suppose 33 = 3*y - 0*y. Suppose 26 = 4*q - 10. Suppose y*d = q*d + 232. What is the greatest common divisor of d and 29?
29
Suppose 5*g - 3*g = 168. Suppose -244 = -2*r - g. Calculate the greatest common factor of r and 32.
16
Suppose 2*c - 6 = 0, 3*l - 5*c = -525 + 81. Let r = 263 + l. Suppose 29 + 1 = 2*t. What is the greatest common factor of t and r?
15
Let b = 12332 - 12314. Calculate the greatest common factor of 852 and b.
6
Let p be (-780)/40*(2 + -4). Let o = p - 35. What is the greatest common factor of o and 8?
4
Let k(n) be the first derivative of 6*n**3 - 95*n**2/2 - 6*n - 122. Let i be k(6). What is the highest common divisor of i and 18?
18
Let z = 241 + -236. Suppose 4*p + 1096 = z*u, p = -5*u - p + 1072. What is the highest common divisor of 24 and u?
24
Let v(w) = 2*w**2 + 10*w - 24. Let u be (4/(-3))/((-152)/(-798)). Let a be v(u). What is the greatest common divisor of 6 and a?
2
Let s be -15 + (9 - -54 - (-128)/16). Let k(m) = 13*m + 9. Let r be k(9). What is the highest common divisor of s and r?
14
Let m(n) = n**2 + 12*n + 41. Let t be m(-4). Let o = 23 + -17. Let d be o/(-5)*(-61 + 1). Calculate the greatest common divisor of d and t.
9
Let a be 34*(13 + -1) + 49 + -39. Calculate the highest common factor of 132 and a.
22
Let k(z) = z**2 + z. Let m be k(-3). Let s = -1153 + 1149. Let w be (-396)/8*s/3. Calculate the highest common divisor of m and w.
6
Let r be (-32)/(11 + 73957/(-6721)). What is the highest common factor of 16 and r?
16
Let n be 24/5*11/(693/21630). Calculate the highest common divisor of n and 3399.
103
Let w(t) = -64*t + 3. Let l be w(-4). Let d(m) = 42*m - 5. Suppose -124 = j - 125. Let u be d(j). What is the greatest common divisor of l and u?
37
Let h be ((1 + 1)/(56/(-21)))/(13/(-27716)). Calculate the greatest common factor of h and 246.
123
Let u be (-2529 + 3/9*12/(-4))/(-1). Calculate the greatest common factor of u and 110.
110
Let r = 3230 + -3191. What is the greatest common divisor of r and 7683?
39
Let n = 2356 + -2188. What is the greatest common factor of n and 72?
24
Let q = -35473 - -37006. Calculate the greatest common factor of q and 273.
21
Suppose -77 - 52 = q. Let x = q - -141. Calculate the greatest common factor of 30 and x.
6
Let w(n) = 42*n + 18. Let j be w(6). Suppose j = -11*b + 29*b. What is the greatest common factor of b and 330?
15
Let j(c) = -3*c + 239. Let r = -607 + 596. Let z be j(r). What is the highest common divisor of 8 and z?
8
Let n be (17 - (-6612)/(-36))*(-6)/4. What is the highest common factor of 4 and n?
2
Suppose 5*d = 10, -s - 4*d - 90 = -105. Calculate the highest common factor of 9142 and s.
7
Let z(j) = 16*j - 38. Let t be z(4). Let n = 17 - 13. Suppose -n = -2*b, x - 5 - 17 = 2*b. Calculate the greatest common divisor of x and t.
26
Suppose -436080 = -99*q - 16*q. What is the highest common factor of 96 and q?
48
Suppose 13*m + 2264 = 7295. Calculate the highest common factor of 129 and m.
129
Suppose 7*i = -4*i + 352. Let u = 31 - i. Let g be (72/5)/(u/(-10)). What is the highest common divisor of g and 16?
16
Let g(s) = s**3 - 12*s**2 + 33*s - 49. Let o be g(9). Suppose -o*z + 14 = -21. Let h be (-2)/4 - 3/(-2). What is the greatest common divisor of h and z?
1
Let c = -3864 + 3886. Calculate the greatest common divisor of c and 979.
11
Let i = 88 + -87. Suppose -3*a + 42 = -0*a. Let s = a - i. What is the highest common divisor of 143 and s?
13
Let v(t) = -2*t**3 + 14*t**2 + 2*t + 17. Let i be v(7). Suppose 32*j - i*j - 39 = 0. What is the highest common divisor of j and 52?
13
Let w(l) = 18*l + 144. Let b be w(-7). Let s be (b/8)/((-84)/(-8176)). Calculate the greatest common divisor of 3 and s.
3
Let x(n) = 2*n**2 + 25*n + 192. Let z be x(-12). What is the highest common factor of z and 2940?
60
Let b = -34790 + 34934. Let o(p) = -2 - 2*p**2 - 2*p**2 - p**3 - 5. Let k be o(-5). Calculate the highest common factor of k and b.
18
Let i = 32704 - 3857. What is the highest common factor of i and 91?
91
Suppose 5*h + 170 = 4*z, 82 = -3*z + 5*z - h. Let i(y) = 22*y + 142. Let x be i(-6). Calculate the greatest common divisor of z and x.
10
Suppose -20 = -5*p, -6*v + p = -2*v + 28. Let z be 6004/7 + v*7/(-147). Calculate the highest common factor of z and 66.
66
Suppose -165228 = 20*h - 19*h - 29*h. What is the highest common factor of 14 and h?
7
Let k = 32716 - 22501. What is the highest common factor of 45 and k?
45
Let l = 4609 - 3034. What is the highest common divisor of l and 225?
225
Let x = 4908 + -4796. Let m be ((-14)/(-5))/(1/5). What is the highest common divisor of x and m?
14
Let y(c) = 5*c**3 + 7*c**2 - 12*c - 6. Let l be y(2). What is the greatest common divisor of l and 38?
38
Suppose 5*f = 4*s + 1132, 4*f + 2*s - 555 - 335 = 0. Calculate the highest common divisor of 88 and f.
8
Suppose -3*b - b = -88. Let v = -399 - -412. Suppose -66 = v*p - 16*p. What is the greatest common factor of b and p?
22
Let s(h) = -17*h**2 - 141 + 14*h + 112 + 4*h + h**3. Let p be s(16). Suppose -14 - 28 = -2*j. What is the highest common divisor of p and j?
3
Suppose 0 = -5*m - 4*x + 2401, 6*m - 958 = 4*m - x. Suppose -4*b - 81 = -m. Calculate the highest common factor of b and 18.
9
Let b be (6/(-12))/(-1 - 62/(-60)). Let i be (54/45)/(b/(-25)). Calculate the greatest common divisor of i and 58.
2
Let z = -294 - -429. Let f = -99 - -113. Let c be (-10761)/(-119) + (-6)/f. Calculate the greatest common factor of z and c.
45
Suppose 3*z = 2*j - 6 + 2, -4 = -2*j + 4*z. Let p be ((